st common factor of u and q.
11
Let w(g) = -7*g + 173 + g + 8*g - 7*g. Let h be w(6). Calculate the highest common factor of h and 26.
13
Let j(c) = c**2 + 11*c + 8. Suppose -4*b + 5*n - 35 = b, 3*b = -2*n - 41. Let d be j(b). What is the highest common divisor of d and 5?
1
Let t(c) = 3*c**3 + c**2 - c + 2. Let q = 74 - 72. Let w be t(q). Let v be (-9)/21 + (-1 - (-2980)/w). What is the highest common factor of v and 15?
15
Suppose 5313 = 151*w - 1459 + 732. What is the greatest common factor of w and 1940?
20
Let b be (-5)/(5/(-170)*2). Suppose 5*i - 55 = b. Suppose 24 = 5*k + 4*q, 4*k + 3*q + q - 20 = 0. What is the greatest common divisor of i and k?
4
Let j(p) = 53*p**2 + 850*p + 49. Let f be j(-16). Suppose 2*s - 5*h - 432 = 0, h + 10 = 6*h. What is the highest common factor of f and s?
17
Suppose 120*i - 170538 - 465459 = -8997. What is the highest common divisor of 1925 and i?
275
Suppose -2823 = -4*r - d + 15622, 3*r + 3*d = 13836. Calculate the greatest common factor of r and 159.
159
Let h(r) be the first derivative of -r**3 + 17*r**2/2 + 7*r + 21. Let v be h(6). Let o be v - 1 - (-18 - 6). Calculate the highest common divisor of o and 264.
24
Let g = 230 + -150. Suppose 20*w - o = 19*w - 7, -19 = 3*w - o. Let t be ((-20)/6)/(2*1/w). Calculate the highest common divisor of g and t.
10
Suppose 164 = 3*y + b, 6*y + 5*b = 2*y + 226. Let z = 17988 - 17952. What is the highest common divisor of y and z?
18
Let z(t) = t + 57. Let f be z(15). Suppose 5*x = f - 42. Let j(g) = g**2 + 2*g - 12. Let n be j(x). Calculate the greatest common factor of 9 and n.
9
Let v(f) = -33*f - 21. Let n be v(-5). Suppose -3*l + h + 17 + n = 0, -96 = -2*l - 5*h. Calculate the highest common factor of 53 and l.
53
Suppose -2*s + 2 = 0, 15*v + 5*v - 678 = 7*v - 2*s. Let i(m) = 417*m - 2. Let t be i(2). Calculate the highest common factor of t and v.
52
Let y be 5 + (-1 - -29)/(-7). Let g be (-3)/(y + 2)*-4 - -3. Let w(s) = 4*s**2 - 4*s - 3. Let r be w(-2). What is the highest common divisor of g and r?
7
Let c be (-3 + (-15)/4*-2)*58. Let d = 546 - c. Calculate the greatest common divisor of d and 38.
19
Let d = -12 + 21. Suppose 68 - 8 = 5*h. Let v(o) = -o + 21. Let l be v(h). Calculate the greatest common divisor of l and d.
9
Let y be 45/6*132/18. Let c = -25 + 27. Suppose 10 = -5*v, c*v + 0 - 1 = -r. Calculate the greatest common factor of r and y.
5
Let s = -55 - -76. Let g be 119/s + (-2)/3. Let d be g*(8/(-10))/(-2) + 14. What is the highest common divisor of d and 24?
8
Let t be (-9 - 6)/5 + -183. Let h be 19*17 + 0 + -2. Let g = t + h. What is the highest common divisor of g and 54?
27
Suppose -101*l + 96*l - 4*r = -144, -116 = -4*l - 3*r. What is the greatest common factor of 88 and l?
8
Let s(k) = k**3 + 18*k**2 + 15*k - 18. Let x be s(-17). Suppose -p = -3*h - 18, 2*p + h = 3*p - x. Calculate the greatest common divisor of 35 and p.
5
Suppose 5*d - 3915 = -5*o, 4*o - 2617 - 1295 = -5*d. What is the greatest common divisor of 520 and d?
260
Suppose -4*p = -4*i, -2*i + 7*i + 3*p = 16. Suppose -i*o - 10 = -14. Let c be 12/(-16)*o*-8. What is the greatest common divisor of c and 18?
6
Let x be 430/(-15)*(-3)/2. Let q(m) = 3*m - 40. Let o be q(35). Let a = o - x. Calculate the greatest common divisor of a and 44.
22
Suppose -7*o - 27 + 27 = 0. Suppose 3*k = -3*g + 138, -5*g = -o*k - 3*k + 98. Calculate the greatest common divisor of 1 and k.
1
Let y(s) = -2*s**2 + 71*s - 159. Let t be y(33). Calculate the greatest common factor of t and 192.
6
Let z = 121 + -41. Let w(f) = 4*f + 12. Let o(a) = 2. Let h(n) = -2*o(n) - w(n). Let t be h(-6). What is the greatest common divisor of z and t?
8
Let z(h) = -1080*h - 762. Let k be z(-7). Calculate the greatest common factor of k and 88.
22
Let x = -17588 + 17603. What is the greatest common factor of 4500 and x?
15
Let t = -133 + 162. Suppose j + 2*l = 147, 0 = -3*j - 2*l + 4*l + 433. What is the highest common factor of t and j?
29
Suppose p = -2*v - 0*v + 18464, 36921 = 2*p + 3*v. What is the greatest common factor of p and 36?
18
Let m be 3*322*632/474. Calculate the highest common divisor of m and 92.
92
Let d(l) = -l + 3. Let p(w) = 81*w + 13. Let a(x) = -24*d(x) + 3*p(x). Let r be a(1). Calculate the highest common divisor of r and 18.
18
Suppose -2*u = -4*h - 110, -25 - 4 = h - 2*u. Let o = h - -31. Suppose -3*c + 6*a - a = -30, -20 = -2*c + o*a. What is the greatest common divisor of 110 and c?
10
Suppose -245*g + 244*g + 152 = s, 5*g - 764 = -4*s. What is the greatest common divisor of g and 84?
12
Suppose -3*y + 4*t - 14 = 0, -2*y + 5*t - 15 = 3*y. Let h = -89662 + 89675. Calculate the highest common divisor of h and y.
1
Let b(z) = z**3 - 19*z**2 + 59*z + 6. Let r(f) = -f**3 - 2*f**2 + 2*f - 8. Let v be r(-4). Let c be b(v). Calculate the highest common factor of c and 52.
26
Suppose 5*i = -11*o + 7*o + 712, 4*i + 2*o - 572 = 0. Calculate the highest common factor of 600 and i.
24
Let o be (-12)/18 - ((-6326)/(-9))/((-4)/12). Calculate the highest common divisor of 34 and o.
34
Let f = -9654 - -11886. Calculate the highest common factor of f and 144.
72
Suppose 2*t = -4*b + 24769 + 2127, 0 = -5*b - 40. What is the greatest common divisor of t and 528?
264
Let h be (-2)/(4/(-2)) + -1552*(-38)/608. Calculate the greatest common divisor of 3108 and h.
14
Let j be 3990/45 + (-2)/3. Let o be (-2)/(0 + -2) - 13. Let l = o + 23. Calculate the highest common factor of l and j.
11
Suppose -30 + 50 = -4*c. Let n be (-1 + c + 5)*3*-26. What is the highest common divisor of 260 and n?
26
Suppose 4*a - 36 = a. Suppose -9*p = -7*p - 7*p. Suppose 5 = -4*t + 5*n - 3, 5*t - n - 11 = p. Calculate the greatest common divisor of a and t.
3
Let p = 52 + -49. Suppose -4*h = -4*k - 96, 96 = h + p*h - k. What is the highest common factor of h and 156?
12
Let t be -2 + (-24)/3*-5. Let p = 12912 + -12910. Calculate the highest common divisor of t and p.
2
Suppose -29 = -2*x - 19. What is the highest common factor of x and 2485?
5
Suppose -2*j + 411 = 103. Let m = -113 + j. What is the greatest common divisor of m and 41?
41
Suppose 573 = 9*x + 168. Let y = x - 36. What is the highest common factor of y and 6?
3
Suppose -2*c + 17472 = 62*c. What is the highest common factor of 208 and c?
13
Suppose -2*m - 2*y - 964 = 0, 5*y + 1631 + 295 = -4*m. Let q = m - -625. What is the greatest common divisor of q and 235?
47
Let l(z) = -z**3 + 9*z**2 - 5*z + 1. Let d be l(-8). Suppose -d + 265 = -18*b. What is the greatest common factor of b and 320?
16
Let d = 15662 + -15654. What is the greatest common factor of 1992 and d?
8
Let z be (-72)/(-1) + (5 - 1) + -4. Suppose z + 28 = 5*q. Suppose 11*k - q = 10*k. What is the greatest common factor of k and 5?
5
Let j = 28047 + -28010. Calculate the greatest common factor of j and 14837.
37
Let c = -326 + 462. Suppose 2*m = -2*m + c. What is the greatest common divisor of 221 and m?
17
Let l(t) = t - 5. Let r(b) = -6. Let z(f) = -2*l(f) + 3*r(f). Let o be z(-4). Suppose 7*g - 2*g - 85 = o. Calculate the greatest common divisor of 17 and g.
17
Let b(d) = d**3 - 4*d**2 + 6*d - 5. Let r be b(4). Suppose 2*i - 31 - r = 0. What is the greatest common factor of i and 250?
25
Suppose 13*b + 3*u - 2452 = 1838, -u = 2*b - 660. What is the greatest common factor of 1914 and b?
66
Let w(k) = -k**3 - 11*k**2 - 28*k + 42. Let j be w(-5). Calculate the highest common factor of 200 and j.
8
Suppose -q - 2*s + 340 = 0, 3*s = -20*q + 21*q - 315. Calculate the highest common divisor of q and 75.
15
Suppose 0 = 51*y - 2398 + 562. Suppose -4*k - 100 = -2*f, -33*f = -y*f + 5*k + 149. Calculate the highest common factor of f and 208.
16
Suppose -4*u = -u - 48. Let l be (-15912)/(-91) - 1/(-7) - (-3)/3. Calculate the greatest common factor of l and u.
16
Let h(t) = -t - 2. Let u be h(4). Let n(d) = 5*d + 20. Let l be n(u). Let x = -2 - l. What is the greatest common factor of 32 and x?
8
Let j be 6*40/16*(-2)/(-5). Suppose -1 = j*b - 103. Let w = 10 + b. Calculate the highest common factor of w and 45.
9
Let l(d) = 2*d - 18. Let y(a) = 2*a**3 - 10*a + 13*a + 6*a**2 + 2 - 5*a - a**3. Let n be y(-6). Let x be l(n). Calculate the highest common divisor of 2 and x.
2
Suppose 0 = -t - 47 + 64. Let f = 19 - t. Suppose